{"id":11,"date":"2011-02-01T14:11:36","date_gmt":"2011-02-01T14:11:36","guid":{"rendered":"https:\/\/clinicarg.pt\/wp\/?page_id=11"},"modified":"2024-05-22T09:42:20","modified_gmt":"2024-05-22T09:42:20","slug":"mesoterapia","status":"publish","type":"page","link":"https:\/\/clinicarg.pt\/?page_id=11","title":{"rendered":"Mesoterapia"},"content":{"rendered":"<table style=\"width: 857px;\" border=\"0\" cellspacing=\"0\" cellpadding=\"0\">\n<tbody>\n<tr>\n<td align=\"left\" valign=\"top\" width=\"240\" height=\"335\"><img loading=\"lazy\" decoding=\"async\" src=\"https:\/\/clinicarg.pt\/wp\/wp-content\/themes\/Template_RG\/images\/mesoterapia.jpg\" alt=\"\" width=\"240\" height=\"335\" \/><\/td>\n<td align=\"left\" valign=\"top\" width=\"15\"><img loading=\"lazy\" decoding=\"async\" src=\"https:\/\/clinicarg.pt\/wp\/wp-content\/themes\/Template_RG\/images\/spacer.gif\" alt=\"\" width=\"15\" height=\"55\" \/><\/td>\n<td align=\"left\" valign=\"top\" width=\"602\">\n<table style=\"width: 602px;\" border=\"0\" cellspacing=\"0\" cellpadding=\"0\">\n<tbody>\n<tr>\n<td align=\"left\" valign=\"top\" bgcolor=\"#cbce00\" width=\"17\"><img loading=\"lazy\" decoding=\"async\" src=\"https:\/\/clinicarg.pt\/wp\/wp-content\/themes\/Template_RG\/images\/spacer.gif\" alt=\"\" width=\"14\" height=\"14\" \/><\/td>\n<td align=\"left\" valign=\"top\" bgcolor=\"#cbce00\" width=\"573\"><img loading=\"lazy\" decoding=\"async\" src=\"https:\/\/clinicarg.pt\/wp\/wp-content\/themes\/Template_RG\/images\/spacer.gif\" alt=\"\" width=\"573\" height=\"17\" \/><\/td>\n<td align=\"left\" valign=\"top\" bgcolor=\"#cbce00\" width=\"14\"><img loading=\"lazy\" decoding=\"async\" src=\"https:\/\/clinicarg.pt\/wp\/wp-content\/themes\/Template_RG\/images\/spacer.gif\" alt=\"\" width=\"14\" height=\"14\" \/><\/td>\n<\/tr>\n<tr>\n<td align=\"left\" valign=\"top\" bgcolor=\"#cbce00\" width=\"17\"><img loading=\"lazy\" decoding=\"async\" src=\"https:\/\/clinicarg.pt\/wp\/wp-content\/themes\/Template_RG\/images\/spacer.gif\" alt=\"\" width=\"14\" height=\"14\" \/><\/td>\n<td align=\"left\" valign=\"top\" bgcolor=\"#cbce00\" width=\"541\">\n<h1 style=\"text-align: left;\">&#8220;\u00c9 um tratamento realizado por M\u00e9dico, indicado para doen\u00e7as reumatismais, medicina desportiva, dermatologia e est\u00e9tica.&#8221;<\/h1>\n<\/td>\n<td align=\"left\" valign=\"top\" bgcolor=\"#cbce00\" width=\"44\"><img loading=\"lazy\" decoding=\"async\" src=\"https:\/\/clinicarg.pt\/wp\/wp-content\/themes\/Template_RG\/images\/spacer.gif\" alt=\"\" width=\"14\" height=\"14\" \/><\/td>\n<\/tr>\n<tr>\n<td align=\"left\" valign=\"top\" bgcolor=\"#cbce00\" width=\"14\"><img loading=\"lazy\" decoding=\"async\" src=\"https:\/\/clinicarg.pt\/wp\/wp-content\/themes\/Template_RG\/images\/spacer.gif\" alt=\"\" width=\"14\" height=\"17\" \/><\/td>\n<td align=\"left\" valign=\"top\" bgcolor=\"#cbce00\" width=\"573\"><img loading=\"lazy\" decoding=\"async\" src=\"https:\/\/clinicarg.pt\/wp\/wp-content\/themes\/Template_RG\/images\/spacer.gif\" alt=\"\" width=\"573\" height=\"17\" \/><\/td>\n<td align=\"left\" valign=\"top\" bgcolor=\"#cbce00\" width=\"44\"><img loading=\"lazy\" decoding=\"async\" src=\"https:\/\/clinicarg.pt\/wp\/wp-content\/themes\/Template_RG\/images\/spacer.gif\" alt=\"\" width=\"14\" height=\"17\" \/><\/td>\n<\/tr>\n<tr>\n<td align=\"left\" valign=\"top\"><img loading=\"lazy\" decoding=\"async\" src=\"https:\/\/clinicarg.pt\/wp\/wp-content\/themes\/Template_RG\/images\/spacer.gif\" alt=\"\" width=\"14\" height=\"19\" \/><\/td>\n<td align=\"left\" valign=\"top\"><img loading=\"lazy\" decoding=\"async\" src=\"https:\/\/clinicarg.pt\/wp\/wp-content\/themes\/Template_RG\/images\/spacer.gif\" alt=\"\" width=\"573\" height=\"19\" \/><\/td>\n<td align=\"left\" valign=\"top\"><img loading=\"lazy\" decoding=\"async\" src=\"https:\/\/clinicarg.pt\/wp\/wp-content\/themes\/Template_RG\/images\/spacer.gif\" alt=\"\" width=\"14\" height=\"19\" \/><\/td>\n<\/tr>\n<\/tbody>\n<\/table>\n<table style=\"width: 602px;\" border=\"0\" cellspacing=\"0\" cellpadding=\"0\">\n<tbody>\n<tr>\n<td>O que \u00e9 a Mesoterapia?<\/p>\n<h4>A mesoterapia \u00e9 uma t\u00e9cnica m\u00e9dica que consiste em injetar medicamentos em doses muito baixas, entre a epiderme e a derme, o mais perto poss\u00edvel do local a tratar, com o m\u00ednimo de efeitos indesej\u00e1veis, sem envolver outras \u00e1reas do organismo. Consegue-se assim uma maior biodisponibilidade do f\u00e1rmaco, com menor quantidade administrada.<\/h4>\n<p>S\u00e3o inje\u00e7\u00f5es locais a apenas alguns mil\u00edmetros de profundidade, manualmente ou por meio de uma pistola de inje\u00e7\u00e3o ou mesoperfusor. Tal \u00e9 feito ap\u00f3s um exame m\u00e9dico, destinado a estabelecer um diagn\u00f3stico preciso da situa\u00e7\u00e3o. Se o seu m\u00e9dico entender que, no seu caso, a mesoterapia \u00e9 o tratamento mais indicado e o menos agressivo para o organismo, ser-lhe-\u00e1 proposta esta t\u00e9cnica. O material utilizado \u00e9 esterilizado e de uso \u00fanico. Habitualmente o tratamento \u00e9 feito semanalmente, numa fase inicial.<\/p>\n<h2>Que medicamentos s\u00e3o administrados?<\/h2>\n<h4>Medicamentos anti-inflamat\u00f3rios, relaxantes musculares, vasodilatadores, calcitoninas, polivitam\u00ednicos, etc. Nunca a cortisona.<\/h4>\n<ul>\n<li>Mistura de 2 a 4 f\u00e1rmacos, consoante a patologia a tratar;<\/li>\n<li>Doses baixas (1\/20 em rela\u00e7\u00e3o \u00e0 via geral);<\/li>\n<\/ul>\n<h4>Que doentes poder\u00e3o beneficiar desta t\u00e9cnica?<br \/>\n\u00c0 partida todos os doentes com indica\u00e7\u00e3o m\u00e9dica para o efeito:<br \/>\nAdultos, crian\u00e7as, doentes diab\u00e9ticos, pessoas idosas, doentes com gastrite ou \u00falcera que contra-indique a toma de anti-inflamat\u00f3rios.<\/h4>\n<h2>Quais as indica\u00e7\u00f5es?<\/h2>\n<h4>\u00c9 um m\u00e9todo de tratamento que est\u00e1 indicado em v\u00e1rias \u00e1reas da medicina, incluindo tratamentos em doen\u00e7as reumatismais, medicina desportiva, dermatologia e est\u00e9tica. Em situa\u00e7\u00f5es de dores relacionadas com artrose, nomeadamente da coluna vertebral (cervicalgias, dorsalgias, lombalgias), ancas, joelhos e tornozelos, reumatismos abarticulares (tendinites, bursites, fasce\u00edtes), contraturas musculares. Sequelas traum\u00e1ticas como entorses e les\u00f5es musculares.<\/h4>\n<p>Tamb\u00e9m outras patologias que n\u00e3o do foro musculo-esquel\u00e9tico como nevralgias, situa\u00e7\u00f5es dolorosas ap\u00f3s tratamento cir\u00fargico. Problemas est\u00e9ticos (celulite, rugas, gordura localizada). De uma forma geral todas as patologias dolorosas sobretudo resistentes aos tratamentos cl\u00e1ssicos.<\/p>\n<h2>Quais os efeitos secund\u00e1rios?<\/h2>\n<h4>A inje\u00e7\u00e3o\u00a0 de um medicamento ou de uma mistura medicamentosa inclui sempre um risco al\u00e9rgico, apesar de as rea\u00e7\u00f5es al\u00e9rgicas em mesoterapia serem muito raras e normalmente limitadas a um territ\u00f3rio cut\u00e2neo. \u00c9 por isso uma t\u00e9cnica que deve ser realizada \u00fanica e exclusivamente por m\u00e9dicos credenciados, j\u00e1 que a m\u00e1 administra\u00e7\u00e3o dos medicamentos poder\u00e1 resultar em efeitos secund\u00e1rios.<\/h4>\n<p>Se a medica\u00e7\u00e3o oral causa, por exemplo perturba\u00e7\u00f5es g\u00e1stricas ou a fisioterapia n\u00e3o consegue alcan\u00e7ar os resultados desejados, a mesoterapia \u00e9 uma alternativa bem suportada pelo doente, pela sua baixa toxicidade e capacidade de atuar no local certo.<\/td>\n<\/tr>\n<\/tbody>\n<\/table>\n<\/td>\n<\/tr>\n<\/tbody>\n<\/table>\n<p>&nbsp;<\/p>\n","protected":false},"excerpt":{"rendered":"<p>&#8220;\u00c9 um tratamento realizado por M\u00e9dico, indicado para doen\u00e7as reumatismais, medicina desportiva, dermatologia e est\u00e9tica.&#8221; O que \u00e9 a Mesoterapia? A mesoterapia \u00e9 uma t\u00e9cnica m\u00e9dica que consiste em injetar medicamentos em doses muito baixas, entre a epiderme e a derme, o mais perto poss\u00edvel do local a tratar, com o m\u00ednimo de efeitos indesej\u00e1veis, [&hellip;]<\/p>\n","protected":false},"author":1,"featured_media":0,"parent":9,"menu_order":0,"comment_status":"closed","ping_status":"closed","template":"","meta":{"footnotes":""},"_links":{"self":[{"href":"https:\/\/clinicarg.pt\/index.php?rest_route=\/wp\/v2\/pages\/11"}],"collection":[{"href":"https:\/\/clinicarg.pt\/index.php?rest_route=\/wp\/v2\/pages"}],"about":[{"href":"https:\/\/clinicarg.pt\/index.php?rest_route=\/wp\/v2\/types\/page"}],"author":[{"embeddable":true,"href":"https:\/\/clinicarg.pt\/index.php?rest_route=\/wp\/v2\/users\/1"}],"replies":[{"embeddable":true,"href":"https:\/\/clinicarg.pt\/index.php?rest_route=%2Fwp%2Fv2%2Fcomments&post=11"}],"version-history":[{"count":39,"href":"https:\/\/clinicarg.pt\/index.php?rest_route=\/wp\/v2\/pages\/11\/revisions"}],"predecessor-version":[{"id":913,"href":"https:\/\/clinicarg.pt\/index.php?rest_route=\/wp\/v2\/pages\/11\/revisions\/913"}],"up":[{"embeddable":true,"href":"https:\/\/clinicarg.pt\/index.php?rest_route=\/wp\/v2\/pages\/9"}],"wp:attachment":[{"href":"https:\/\/clinicarg.pt\/index.php?rest_route=%2Fwp%2Fv2%2Fmedia&parent=11"}],"curies":[{"name":"wp","href":"https:\/\/api.w.org\/{rel}","templated":true}]}}