{"id":17,"date":"2011-02-01T14:13:26","date_gmt":"2011-02-01T14:13:26","guid":{"rendered":"https:\/\/clinicarg.pt\/wp\/?page_id=17"},"modified":"2024-05-22T09:46:22","modified_gmt":"2024-05-22T09:46:22","slug":"laser","status":"publish","type":"page","link":"https:\/\/clinicarg.pt\/?page_id=17","title":{"rendered":"Laser"},"content":{"rendered":"<table style=\"width: 857px;\" border=\"0\" cellspacing=\"0\" cellpadding=\"0\">\n<tbody>\n<tr>\n<td width=\"240\" height=\"335\" align=\"left\" valign=\"top\"><img loading=\"lazy\" decoding=\"async\" src=\"https:\/\/clinicarg.pt\/wp\/wp-content\/themes\/Template_RG\/images\/laser.jpg\" alt=\"\" width=\"240\" height=\"335\" \/><\/td>\n<td width=\"15\" align=\"left\" valign=\"top\"><img loading=\"lazy\" decoding=\"async\" src=\"https:\/\/clinicarg.pt\/wp\/wp-content\/themes\/Template_RG\/images\/spacer.gif\" alt=\"\" width=\"15\" height=\"55\" \/><\/td>\n<td width=\"602\" align=\"left\" valign=\"top\">\n<table style=\"width: 602px;\" border=\"0\" cellspacing=\"0\" cellpadding=\"0\">\n<tbody>\n<tr>\n<td width=\"17\" align=\"left\" valign=\"top\" bgcolor=\"#cbce00\"><img loading=\"lazy\" decoding=\"async\" src=\"https:\/\/clinicarg.pt\/wp\/wp-content\/themes\/Template_RG\/images\/spacer.gif\" alt=\"\" width=\"14\" height=\"14\" \/><\/td>\n<td width=\"573\" align=\"left\" valign=\"top\" bgcolor=\"#cbce00\"><img loading=\"lazy\" decoding=\"async\" src=\"https:\/\/clinicarg.pt\/wp\/wp-content\/themes\/Template_RG\/images\/spacer.gif\" alt=\"\" width=\"573\" height=\"17\" \/><\/td>\n<td width=\"14\" align=\"left\" valign=\"top\" bgcolor=\"#cbce00\"><img loading=\"lazy\" decoding=\"async\" src=\"https:\/\/clinicarg.pt\/wp\/wp-content\/themes\/Template_RG\/images\/spacer.gif\" alt=\"\" width=\"14\" height=\"14\" \/><\/td>\n<\/tr>\n<tr>\n<td width=\"17\" align=\"left\" valign=\"top\" bgcolor=\"#cbce00\"><img loading=\"lazy\" decoding=\"async\" src=\"https:\/\/clinicarg.pt\/wp\/wp-content\/themes\/Template_RG\/images\/spacer.gif\" alt=\"\" width=\"14\" height=\"14\" \/><\/td>\n<td width=\"541\" align=\"left\" valign=\"top\" bgcolor=\"#cbce00\">\n<h1 style=\"text-align: left;\">&#8220;Efeito analg\u00e9sico, anti-inflamat\u00f3rio, antiedematoso e cicatrizante&#8221;<\/h1>\n<\/td>\n<td width=\"44\" align=\"left\" valign=\"top\" bgcolor=\"#cbce00\"><img loading=\"lazy\" decoding=\"async\" src=\"https:\/\/clinicarg.pt\/wp\/wp-content\/themes\/Template_RG\/images\/spacer.gif\" alt=\"\" width=\"14\" height=\"14\" \/><\/td>\n<\/tr>\n<tr>\n<td width=\"14\" align=\"left\" valign=\"top\" bgcolor=\"#cbce00\"><img loading=\"lazy\" decoding=\"async\" src=\"https:\/\/clinicarg.pt\/wp\/wp-content\/themes\/Template_RG\/images\/spacer.gif\" alt=\"\" width=\"14\" height=\"17\" \/><\/td>\n<td width=\"573\" align=\"left\" valign=\"top\" bgcolor=\"#cbce00\"><img loading=\"lazy\" decoding=\"async\" src=\"https:\/\/clinicarg.pt\/wp\/wp-content\/themes\/Template_RG\/images\/spacer.gif\" alt=\"\" width=\"573\" height=\"17\" \/><\/td>\n<td width=\"44\" align=\"left\" valign=\"top\" bgcolor=\"#cbce00\"><img loading=\"lazy\" decoding=\"async\" src=\"https:\/\/clinicarg.pt\/wp\/wp-content\/themes\/Template_RG\/images\/spacer.gif\" alt=\"\" width=\"14\" height=\"17\" \/><\/td>\n<\/tr>\n<tr>\n<td align=\"left\" valign=\"top\"><img loading=\"lazy\" decoding=\"async\" src=\"https:\/\/clinicarg.pt\/wp\/wp-content\/themes\/Template_RG\/images\/spacer.gif\" alt=\"\" width=\"14\" height=\"19\" \/><\/td>\n<td align=\"left\" valign=\"top\"><img loading=\"lazy\" decoding=\"async\" src=\"https:\/\/clinicarg.pt\/wp\/wp-content\/themes\/Template_RG\/images\/spacer.gif\" alt=\"\" width=\"573\" height=\"19\" \/><\/td>\n<td align=\"left\" valign=\"top\"><img loading=\"lazy\" decoding=\"async\" src=\"https:\/\/clinicarg.pt\/wp\/wp-content\/themes\/Template_RG\/images\/spacer.gif\" alt=\"\" width=\"14\" height=\"19\" \/><\/td>\n<\/tr>\n<\/tbody>\n<\/table>\n<table style=\"width: 602px;\" border=\"0\" cellspacing=\"0\" cellpadding=\"0\">\n<tbody>\n<tr>\n<td align=\"left\" valign=\"top\">\n<h4><strong>A Laser (&#8220;Light Amplification by Stimulated Emission of Radiation&#8221;), significa a amplifica\u00e7\u00e3o luminosa por emiss\u00e3o estimulada de radia\u00e7\u00e3o, sendo o feixe unidirecional.<\/strong><\/p>\n<p><br class=\"spacer_\" \/><\/p>\n<p>Os aparelhos de Laser usados em Medicina F\u00edsica e de Reabilita\u00e7\u00e3o t\u00eam pot\u00eancias entre 5 e 60 mW. S\u00e3o habitualmente de dois tipos: os de Ars\u00e9nio-G\u00e1lio (As-Ga), que emitem de forma puls\u00e1til radia\u00e7\u00e3o invis\u00edvel na banda dos infravermelhos e os de H\u00e9lio-N\u00e9on (He-Ne), que emitem de forma cont\u00ednua radia\u00e7\u00e3o vermelha. Ao atravessar os v\u00e1rios tipos de tecidos, a radia\u00e7\u00e3o sofre diversos efeitos, que incluem a refra\u00e7\u00e3o, transmiss\u00e3o e absor\u00e7\u00e3o, tendo efeito anti-inflamat\u00f3rio, regenerador, cicatrizante e analg\u00e9sico.<\/p>\n<p>As indica\u00e7\u00f5es terap\u00eauticas do Laser s\u00e3o vastas em patologias do foro musculo-esquel\u00e9tico neurol\u00f3gico e dermatol\u00f3gico. Est\u00e1 indicado em traumatismos e contraturas musculares, entorses, cicatrizes, tendinites, bursites, fasce\u00edtes em patologias dolorosas da coluna vertebral (cervicalgias, dorsalgias, lombalgias) e de articula\u00e7\u00f5es dos membros, designadamente por osteoartrose e artralgias inflamat\u00f3rias. Tamb\u00e9m em nevralgias e situa\u00e7\u00f5es dolorosas ap\u00f3s tratamento cir\u00fargico.<\/p>\n<p>\u00c9 um meio terap\u00eautico que tamb\u00e9m tem as suas contraindica\u00e7\u00f5es. A sua utiliza\u00e7\u00e3o deve ser criteriosa, em fun\u00e7\u00e3o da situa\u00e7\u00e3o cl\u00ednica de cada doente, podendo ser associada com outros agentes terap\u00eauticos.<\/p>\n<\/h4>\n<\/td>\n<\/tr>\n<\/tbody>\n<\/table>\n<\/td>\n<\/tr>\n<\/tbody>\n<\/table>\n","protected":false},"excerpt":{"rendered":"<p>&#8220;Efeito analg\u00e9sico, anti-inflamat\u00f3rio, antiedematoso e cicatrizante&#8221; A Laser (&#8220;Light Amplification by Stimulated Emission of Radiation&#8221;), significa a amplifica\u00e7\u00e3o luminosa por emiss\u00e3o estimulada de radia\u00e7\u00e3o, sendo o feixe unidirecional. Os aparelhos de Laser usados em Medicina F\u00edsica e de Reabilita\u00e7\u00e3o t\u00eam pot\u00eancias entre 5 e 60 mW. S\u00e3o habitualmente de dois tipos: os de Ars\u00e9nio-G\u00e1lio (As-Ga), [&hellip;]<\/p>\n","protected":false},"author":1,"featured_media":0,"parent":9,"menu_order":4,"comment_status":"closed","ping_status":"closed","template":"","meta":{"footnotes":""},"_links":{"self":[{"href":"https:\/\/clinicarg.pt\/index.php?rest_route=\/wp\/v2\/pages\/17"}],"collection":[{"href":"https:\/\/clinicarg.pt\/index.php?rest_route=\/wp\/v2\/pages"}],"about":[{"href":"https:\/\/clinicarg.pt\/index.php?rest_route=\/wp\/v2\/types\/page"}],"author":[{"embeddable":true,"href":"https:\/\/clinicarg.pt\/index.php?rest_route=\/wp\/v2\/users\/1"}],"replies":[{"embeddable":true,"href":"https:\/\/clinicarg.pt\/index.php?rest_route=%2Fwp%2Fv2%2Fcomments&post=17"}],"version-history":[{"count":14,"href":"https:\/\/clinicarg.pt\/index.php?rest_route=\/wp\/v2\/pages\/17\/revisions"}],"predecessor-version":[{"id":918,"href":"https:\/\/clinicarg.pt\/index.php?rest_route=\/wp\/v2\/pages\/17\/revisions\/918"}],"up":[{"embeddable":true,"href":"https:\/\/clinicarg.pt\/index.php?rest_route=\/wp\/v2\/pages\/9"}],"wp:attachment":[{"href":"https:\/\/clinicarg.pt\/index.php?rest_route=%2Fwp%2Fv2%2Fmedia&parent=17"}],"curies":[{"name":"wp","href":"https:\/\/api.w.org\/{rel}","templated":true}]}}