{"id":798,"date":"2024-04-08T21:26:48","date_gmt":"2024-04-08T21:26:48","guid":{"rendered":"https:\/\/clinicarg.pt\/wp\/?page_id=798"},"modified":"2024-05-22T09:48:33","modified_gmt":"2024-05-22T09:48:33","slug":"tecnicas-ecoguiadas","status":"publish","type":"page","link":"https:\/\/clinicarg.pt\/?page_id=798","title":{"rendered":"T\u00e9cnicas Ecoguiadas"},"content":{"rendered":"<table style=\"width: 857px;\" border=\"0\" cellspacing=\"0\" cellpadding=\"0\">\n<tbody>\n<tr>\n<td align=\"left\" valign=\"top\" width=\"240\" height=\"335\"><img loading=\"lazy\" decoding=\"async\" src=\"https:\/\/clinicarg.pt\/wp\/wp-content\/uploads\/2024\/04\/tecnicas_ecoguiadas.png\" alt=\"\" width=\"240\" height=\"335\" \/><\/td>\n<td align=\"left\" valign=\"top\" width=\"15\"><img loading=\"lazy\" decoding=\"async\" src=\"https:\/\/clinicarg.pt\/wp\/wp-content\/themes\/Template_RG\/images\/spacer.gif\" alt=\"\" width=\"15\" height=\"55\" \/><\/td>\n<td align=\"left\" valign=\"top\" width=\"602\">\n<table style=\"width: 602px;\" border=\"0\" cellspacing=\"0\" cellpadding=\"0\">\n<tbody>\n<tr>\n<td align=\"left\" valign=\"top\" bgcolor=\"#cbce00\" width=\"17\"><img loading=\"lazy\" decoding=\"async\" src=\"https:\/\/clinicarg.pt\/wp\/wp-content\/themes\/Template_RG\/images\/spacer.gif\" alt=\"\" width=\"14\" height=\"14\" \/><\/td>\n<td align=\"left\" valign=\"top\" bgcolor=\"#cbce00\" width=\"573\"><img loading=\"lazy\" decoding=\"async\" src=\"https:\/\/clinicarg.pt\/wp\/wp-content\/themes\/Template_RG\/images\/spacer.gif\" alt=\"\" width=\"573\" height=\"17\" \/><\/td>\n<td align=\"left\" valign=\"top\" bgcolor=\"#cbce00\" width=\"14\"><img loading=\"lazy\" decoding=\"async\" src=\"https:\/\/clinicarg.pt\/wp\/wp-content\/themes\/Template_RG\/images\/spacer.gif\" alt=\"\" width=\"14\" height=\"14\" \/><\/td>\n<\/tr>\n<tr>\n<td align=\"left\" valign=\"top\" bgcolor=\"#cbce00\" width=\"17\"><img loading=\"lazy\" decoding=\"async\" src=\"https:\/\/clinicarg.pt\/wp\/wp-content\/themes\/Template_RG\/images\/spacer.gif\" alt=\"\" width=\"14\" height=\"14\" \/><\/td>\n<td align=\"left\" valign=\"top\" bgcolor=\"#cbce00\" width=\"541\">\n<h1 style=\"text-align: left;\">&#8220;Visam o tratamento da dor e a remiss\u00e3o da evolu\u00e7\u00e3o da doen\u00e7a em patologia musculoesquel\u00e9tica, contribuindo para a melhoria da mobilidade, autonomia e qualidade de vida.&#8221;<\/h1>\n<\/td>\n<td align=\"left\" valign=\"top\" bgcolor=\"#cbce00\" width=\"44\"><img loading=\"lazy\" decoding=\"async\" src=\"https:\/\/clinicarg.pt\/wp\/wp-content\/themes\/Template_RG\/images\/spacer.gif\" alt=\"\" width=\"14\" height=\"14\" \/><\/td>\n<\/tr>\n<tr>\n<td align=\"left\" valign=\"top\" bgcolor=\"#cbce00\" width=\"14\"><img loading=\"lazy\" decoding=\"async\" src=\"https:\/\/clinicarg.pt\/wp\/wp-content\/themes\/Template_RG\/images\/spacer.gif\" alt=\"\" width=\"14\" height=\"17\" \/><\/td>\n<td align=\"left\" valign=\"top\" bgcolor=\"#cbce00\" width=\"573\"><img loading=\"lazy\" decoding=\"async\" src=\"https:\/\/clinicarg.pt\/wp\/wp-content\/themes\/Template_RG\/images\/spacer.gif\" alt=\"\" width=\"573\" height=\"17\" \/><\/td>\n<td align=\"left\" valign=\"top\" bgcolor=\"#cbce00\" width=\"44\"><img loading=\"lazy\" decoding=\"async\" src=\"https:\/\/clinicarg.pt\/wp\/wp-content\/themes\/Template_RG\/images\/spacer.gif\" alt=\"\" width=\"14\" height=\"17\" \/><\/td>\n<\/tr>\n<tr>\n<td align=\"left\" valign=\"top\"><img loading=\"lazy\" decoding=\"async\" src=\"https:\/\/clinicarg.pt\/wp\/wp-content\/themes\/Template_RG\/images\/spacer.gif\" alt=\"\" width=\"14\" height=\"19\" \/><\/td>\n<td align=\"left\" valign=\"top\"><img loading=\"lazy\" decoding=\"async\" src=\"https:\/\/clinicarg.pt\/wp\/wp-content\/themes\/Template_RG\/images\/spacer.gif\" alt=\"\" width=\"573\" height=\"19\" \/><\/td>\n<td align=\"left\" valign=\"top\"><img loading=\"lazy\" decoding=\"async\" src=\"https:\/\/clinicarg.pt\/wp\/wp-content\/themes\/Template_RG\/images\/spacer.gif\" alt=\"\" width=\"14\" height=\"19\" \/><\/td>\n<\/tr>\n<\/tbody>\n<\/table>\n<table style=\"width: 602px;\" border=\"0\" cellspacing=\"0\" cellpadding=\"0\">\n<tbody>\n<tr>\n<td>\n<h4 style=\"text-align: justify;\">As t\u00e9cnicas de interven\u00e7\u00e3o em MFR ecoguiadas t\u00eam mostrado um crescimento exponencial nos \u00faltimos anos. A sua utiliza\u00e7\u00e3o como adjuvante no tratamento da dor tem-se mostrado uma mais-valia, permitindo um controlo da dor mais r\u00e1pido e eficaz.<\/h4>\n<h4 style=\"text-align: justify;\">A ecografia permite o fornecimento de informa\u00e7\u00e3o diagn\u00f3stica e progn\u00f3stica e auxilia na orienta\u00e7\u00e3o de procedimentos minimamente invasivos, aumentando a sua efic\u00e1cia e seguran\u00e7a.<\/h4>\n<h4>As t\u00e9cnicas ecoguiadas podem ser utilizadas para tratar patologias a n\u00edvel da articula\u00e7\u00e3o, m\u00fasculo, tend\u00e3o, ligamento e nervo, dispondo a nossa cl\u00ednica das seguintes t\u00e9cnicas:<\/h4>\n<ul>\n<li>Infiltra\u00e7\u00e3o com cortic\u00f3ide intra-articular \/ partes moles (ex: artrose, artrite, tendinite);<\/li>\n<li>Viscossuplementa\u00e7\u00e3o (ex: artrose da anca e joelho);<\/li>\n<li>Aspira\u00e7\u00e3o (l\u00edquido articular, bursa, quisto, calcifica\u00e7\u00e3o);<\/li>\n<li>Hidrodistens\u00e3o, hidrodisse\u00e7\u00e3o (ex: capsulite adesiva);<\/li>\n<li>Fenestra\u00e7\u00e3o (calcifica\u00e7\u00e3o);<\/li>\n<li>Bloqueio de nervo (ex: s\u00edndrome do t\u00fanel c\u00e1rpico, dor cr\u00f3nica do ombro);<\/li>\n<\/ul>\n<\/h4>\n<\/td>\n<\/tr>\n<\/tbody>\n<\/table>\n<\/td>\n<\/tr>\n<\/tbody>\n<\/table>\n<p>&nbsp;<\/p>\n","protected":false},"excerpt":{"rendered":"<p>&#8220;Visam o tratamento da dor e a remiss\u00e3o da evolu\u00e7\u00e3o da doen\u00e7a em patologia musculoesquel\u00e9tica, contribuindo para a melhoria da mobilidade, autonomia e qualidade de vida.&#8221; As t\u00e9cnicas de interven\u00e7\u00e3o em MFR ecoguiadas t\u00eam mostrado um crescimento exponencial nos \u00faltimos anos. A sua utiliza\u00e7\u00e3o como adjuvante no tratamento da dor tem-se mostrado uma mais-valia, permitindo [&hellip;]<\/p>\n","protected":false},"author":3,"featured_media":0,"parent":9,"menu_order":0,"comment_status":"closed","ping_status":"closed","template":"","meta":{"footnotes":""},"_links":{"self":[{"href":"https:\/\/clinicarg.pt\/index.php?rest_route=\/wp\/v2\/pages\/798"}],"collection":[{"href":"https:\/\/clinicarg.pt\/index.php?rest_route=\/wp\/v2\/pages"}],"about":[{"href":"https:\/\/clinicarg.pt\/index.php?rest_route=\/wp\/v2\/types\/page"}],"author":[{"embeddable":true,"href":"https:\/\/clinicarg.pt\/index.php?rest_route=\/wp\/v2\/users\/3"}],"replies":[{"embeddable":true,"href":"https:\/\/clinicarg.pt\/index.php?rest_route=%2Fwp%2Fv2%2Fcomments&post=798"}],"version-history":[{"count":11,"href":"https:\/\/clinicarg.pt\/index.php?rest_route=\/wp\/v2\/pages\/798\/revisions"}],"predecessor-version":[{"id":920,"href":"https:\/\/clinicarg.pt\/index.php?rest_route=\/wp\/v2\/pages\/798\/revisions\/920"}],"up":[{"embeddable":true,"href":"https:\/\/clinicarg.pt\/index.php?rest_route=\/wp\/v2\/pages\/9"}],"wp:attachment":[{"href":"https:\/\/clinicarg.pt\/index.php?rest_route=%2Fwp%2Fv2%2Fmedia&parent=798"}],"curies":[{"name":"wp","href":"https:\/\/api.w.org\/{rel}","templated":true}]}}