{"id":845,"date":"2024-04-10T07:50:50","date_gmt":"2024-04-10T07:50:50","guid":{"rendered":"https:\/\/clinicarg.pt\/wp\/?page_id=845"},"modified":"2024-05-22T10:04:08","modified_gmt":"2024-05-22T10:04:08","slug":"politica-de-privacidade","status":"publish","type":"page","link":"https:\/\/clinicarg.pt\/?page_id=845","title":{"rendered":"Pol\u00edtica de Privacidade"},"content":{"rendered":"<table style=\"width: 857px;\" border=\"0\" cellspacing=\"0\" cellpadding=\"0\">\n<tbody>\n<tr>\n<td width=\"240\" align=\"left\" valign=\"top\">\n<table style=\"width: 240px;\" border=\"0\" cellspacing=\"0\" cellpadding=\"0\">\n<tbody>\n<tr>\n<td width=\"17\" align=\"left\" valign=\"top\" bgcolor=\"#cbce00\"><img loading=\"lazy\" decoding=\"async\" src=\"https:\/\/clinicarg.pt\/wp\/wp-content\/themes\/Template_RG\/images\/spacer.gif\" alt=\"\" width=\"17\" height=\"17\" \/><\/td>\n<td width=\"206\" align=\"left\" valign=\"top\" bgcolor=\"#cbce00\"><img loading=\"lazy\" decoding=\"async\" src=\"https:\/\/clinicarg.pt\/wp\/wp-content\/themes\/Template_RG\/images\/spacer.gif\" alt=\"\" width=\"206\" height=\"17\" \/><\/td>\n<td width=\"17\" align=\"left\" valign=\"top\" bgcolor=\"#cbce00\"><img loading=\"lazy\" decoding=\"async\" src=\"https:\/\/clinicarg.pt\/wp\/wp-content\/themes\/Template_RG\/images\/spacer.gif\" alt=\"\" width=\"17\" height=\"17\" \/><\/td>\n<\/tr>\n<tr>\n<td width=\"17\" align=\"left\" valign=\"top\" bgcolor=\"#cbce00\"><\/td>\n<td width=\"206\" align=\"right\" valign=\"top\" bgcolor=\"#cbce00\">\n<h1>&#8220;Regula o tratamento dos dados pessoais dos utilizadores do portal e dos utentes da cl\u00ednica.&#8221;<\/h1>\n<\/td>\n<td width=\"17\" align=\"left\" valign=\"top\" bgcolor=\"#cbce00\"><img loading=\"lazy\" decoding=\"async\" src=\"https:\/\/clinicarg.pt\/wp\/wp-content\/themes\/Template_RG\/images\/spacer.gif\" alt=\"\" width=\"17\" height=\"17\" \/><\/td>\n<\/tr>\n<tr>\n<td width=\"17\" align=\"left\" valign=\"top\" bgcolor=\"#cbce00\"><img loading=\"lazy\" decoding=\"async\" src=\"https:\/\/clinicarg.pt\/wp\/wp-content\/themes\/Template_RG\/images\/spacer.gif\" alt=\"\" width=\"17\" height=\"125\" \/><\/td>\n<td width=\"206\" align=\"left\" valign=\"top\" bgcolor=\"#cbce00\"><img loading=\"lazy\" decoding=\"async\" src=\"https:\/\/clinicarg.pt\/wp\/wp-content\/themes\/Template_RG\/images\/spacer.gif\" alt=\"\" width=\"206\" height=\"125\" \/><\/td>\n<td width=\"17\" align=\"left\" valign=\"top\" bgcolor=\"#cbce00\"><img loading=\"lazy\" decoding=\"async\" src=\"https:\/\/clinicarg.pt\/wp\/wp-content\/themes\/Template_RG\/images\/spacer.gif\" alt=\"\" width=\"17\" height=\"125\" \/><\/td>\n<\/tr>\n<\/tbody>\n<\/table>\n<\/td>\n<td width=\"15\" align=\"left\" valign=\"top\"><img loading=\"lazy\" decoding=\"async\" src=\"https:\/\/clinicarg.pt\/wp\/wp-content\/themes\/Template_RG\/images\/spacer.gif\" alt=\"\" width=\"15\" height=\"55\" \/><\/td>\n<td width=\"602\" align=\"left\" valign=\"top\">\n<table style=\"width: 602px;\" border=\"0\" cellspacing=\"0\" cellpadding=\"0\">\n<tbody>\n<tr>\n<td height=\"210\" align=\"left\" valign=\"top\"><img loading=\"lazy\" decoding=\"async\" src=\"https:\/\/clinicarg.pt\/wp\/wp-content\/themes\/Template_RG\/images\/clinica.jpg\" alt=\"\" width=\"602\" height=\"210\" \/><\/td>\n<\/tr>\n<tr>\n<td align=\"left\" valign=\"top\"><img loading=\"lazy\" decoding=\"async\" src=\"https:\/\/clinicarg.pt\/wp\/wp-content\/themes\/Template_RG\/images\/spacer.gif\" alt=\"\" width=\"602\" height=\"17\" \/><\/td>\n<\/tr>\n<tr>\n<td align=\"left\" valign=\"top\">\n<h4><strong>A Pol\u00edtica de Privacidade regula o tratamento dos dados pessoais dos utilizadores do portal (www.clinicarg.pt) e dos utentes da cl\u00ednica pela Cl\u00ednica Dra. Rosa &#038; Guerreiro, Lda., e reflete as preocupa\u00e7\u00f5es da Cl\u00ednica Dra. Rosa &#038; Guerreiro em mat\u00e9ria de privacidade e tratamento de dados pessoais dos seus clientes.<\/h4>\n<h4>A disponibiliza\u00e7\u00e3o de dados pessoais no contexto da navega\u00e7\u00e3o no portal implica o conhecimento e aceita\u00e7\u00e3o expressa das condi\u00e7\u00f5es constantes desta Pol\u00edtica de Privacidade, que inclui as seguintes sec\u00e7\u00f5es:<\/strong><\/h4>\n<h2>Prote\u00e7\u00e3o de Dados Pessoais<\/h2>\n<h4>Nos termos previstos nos Art\u00ba 6\u00ba n\u00ba 1 al\u00ednea (c) do Regulamento Geral de Prote\u00e7\u00e3o de Dados (RGPD), a Cl\u00ednica Dra. Rosa &#038; Guerreiro recolhe e processa os <b>dados pessoais de identifica\u00e7\u00e3o e contacto dos utentes<\/b>  (nome, dados de cart\u00e3o de cidad\u00e3o, incluindo NIF e NISS, dados relativos a seguros de sa\u00fade, endere\u00e7o, contacto telef\u00f3nico telefone e e-mail), que s\u00e3o indispens\u00e1veis para a execu\u00e7\u00e3o das suas obriga\u00e7\u00f5es legais e contratuais. Estes dados ser\u00e3o utilizados exclusivamente para a prossecu\u00e7\u00e3o das obriga\u00e7\u00f5es da Cl\u00ednica Dra. Rosa &#038; Guerreiro, como sejam a de registo, marca\u00e7\u00e3o e gest\u00e3o de consultas e tratamentos e ainda para fatura\u00e7\u00e3o. Com exce\u00e7\u00e3o dos dados sujeitos a obriga\u00e7\u00e3o legal de conservar por per\u00edodo mais longo, os restantes ser\u00e3o eliminados no prazo de tr\u00eas anos contados sobre o \u00faltimo contacto.<\/h4>\n<h4>Nos termos previstos no artigo 9\u00ba n\u00ba 2 al\u00ednea h) do RGPD Art\u00ba 6\u00ba n\u00ba 1 al\u00ednea (c) do RGPD, a Cl\u00ednica Dra. Rosa &#038; Guerreiro poder\u00e1 recolher e processar <b>dados pessoais relativos \u00e0 sa\u00fade dos utentes<\/b> (exames m\u00e9dicos, relat\u00f3rios cl\u00ednicos, de tratamentos e outros similares), que s\u00e3o indispens\u00e1veis para a execu\u00e7\u00e3o das suas obriga\u00e7\u00f5es legais e contratuais. Estes dados ser\u00e3o utilizados exclusivamente para a prossecu\u00e7\u00e3o dessas obriga\u00e7\u00f5es e ser\u00e3o objeto de medidas de seguran\u00e7a especiais, a fim de garantir a respetiva integridade. Sem preju\u00edzo dos prazos de conserva\u00e7\u00e3o de dados a que estejam sujeitos os profissionais de sa\u00fade e de outros prazos que possam ser concretamente necess\u00e1rios e solicitados por interesses do titular dos dados, a Cl\u00ednica Dra. Rosa &#038; Guerreiro conservar\u00e1 os referidos dados de forma identific\u00e1vel por um prazo de tr\u00eas anos, contados sobre o \u00faltimo contacto.<\/h4>\n<h4>A Cl\u00ednica Dra. Rosa &#038; Guerreiro garante que n\u00e3o partilha dados pessoais com quaisquer outras entidades e que os mesmos s\u00e3o tratados com rigorosa confidencialidade e seguran\u00e7a, garantindo-lhe ainda, a todo o tempo, os direitos de acesso, retifica\u00e7\u00e3o, elimina\u00e7\u00e3o (direito a ser esquecido), limita\u00e7\u00e3o do tratamento, de portabilidade dos dados e de se opor ao tratamento dos dados pessoais, em conformidade com os Artigos 13\u00ba e 14\u00ba do RGPD. Tenha em considera\u00e7\u00e3o que, dada a natureza obrigat\u00f3ria do tratamento, os seus direitos atr\u00e1s mencionados est\u00e3o, em certos casos, dependentes do preenchimento de determinadas condi\u00e7\u00f5es legalmente definidas.<\/h4>\n<h4>Qualquer dos direitos acima referidos ou qualquer informa\u00e7\u00e3o a respeito do tratamento de DADOS PESSOAIS PROFISSIONAIS pode ser exercido ou obtido junto da <b>Cl\u00ednica Dra. Rosa &#038; Guerreiro, Lda.<\/b>, pessoa coletiva com o n\u00famero 504 193 694, com sede na Av. Sacadura Cabral 11-A, em Lisboa, 1000-270 Lisboa, atrav\u00e9s de comunica\u00e7\u00e3o para o endere\u00e7o <b>dpo@clinicarg.pt<\/b>, enquanto entidade legalmente Respons\u00e1vel pelo referido tratamento.<\/h4>\n<h4>Para apresenta\u00e7\u00e3o de uma reclama\u00e7\u00e3o perante uma Autoridade de Controlo (Art. 77 RGPD), por favor contacte a Comiss\u00e3o Nacional de Prote\u00e7\u00e3o de Dados (CNPD) Av. D. Carlos I, 134 \u2013 1.\u00ba 1200-651 Lisboa \u2013 Tel: +351 213928400 \u2013 Fax: +351 213976832 \u2013 e-mail: geral@cnpd.pt | <a href=\"https:\/\/www.cnpd.pt\/\" target=\"_blank\" rel=\"noopener\">https:\/\/www.cnpd.pt\/<\/a><\/h4>\n<h2>Utiliza\u00e7\u00e3o do Portal (https:\/\/clinicarg.pt\/)<\/h2>\n<h4>O acesso e navega\u00e7\u00e3o no portal n\u00e3o implicam necessariamente a disponibiliza\u00e7\u00e3o de dados pessoais. No entanto, algumas funcionalidades (por exemplo, a submiss\u00e3o de um formul\u00e1rio de contacto para colocar as suas quest\u00f5es e sugest\u00f5es) implicam a disponibiliza\u00e7\u00e3o de dados pessoais. Nestes casos, a Cl\u00ednica Dra. Rosa &#038; Guerreiro recolher\u00e1 um conjunto de dados pessoais que ser\u00e3o tratados para dar resposta ao seu pedido\/quest\u00e3o\/sugest\u00e3o.<\/h4>\n<h4>Para o efeito, s\u00e3o recolhidos no formul\u00e1rio de contacto os seguintes dados pessoais: nome, e-mail, telefone, e assunto do seu pedido. Estes dados s\u00e3o de fornecimento obrigat\u00f3rio uma vez que s\u00e3o essenciais para processar o seu pedido e dar-lhe uma resposta. \u00c9 ainda disponibilizado um campo aberto onde poder\u00e1 incluir a sua mensagem e onde poder\u00e3o ser facultados, por sua iniciativa, outros dados pessoais.<\/h4>\n<h4>A Cl\u00ednica Dra. Rosa &#038; Guerreiro trata estes dados pessoais exclusivamente para a finalidade de dar resposta aos seus contactos.<\/h4>\n<h2>Cookies<\/h2>\n<h4>O portal da Cl\u00ednica Dra. Rosa &#038; Guerreiro utiliza cookies com o objectivo de proporcionar uma melhor experi\u00eancia de utiliza\u00e7\u00e3o do portal.<\/h4>\n<h4>Cookies s\u00e3o pequenos ficheiros de texto que s\u00e3o armazenados no seu computador ou dispositivo m\u00f3vel. Estes ficheiros permitem que durante um certo per\u00edodo de tempo o portal retenha as suas a\u00e7\u00f5es e prefer\u00eancias, nomeadamente do nome de utilizador, da l\u00edngua escolhida, do tamanho dos carateres e de outras defini\u00e7\u00f5es de visualiza\u00e7\u00e3o.<\/h4>\n<h4>Caso pretenda, poder\u00e1 desactivar a utiliza\u00e7\u00e3o de cookies atrav\u00e9s das configura\u00e7\u00f5es do seu navegador, para o que sugerimos a consulta da sec\u00e7\u00e3o de ajuda do navegador utilizado (ou o portal <a href=\"https:\/\/www.aboutcookies.org\/\" target=\"_blank\" rel=\"noopener\">Sobre Cookies<\/a> para mais informa\u00e7\u00e3o).<\/h4>\n<\/td>\n<\/tr>\n<\/tbody>\n<\/table>\n<\/td>\n<\/tr>\n<\/tbody>\n<\/table>\n","protected":false},"excerpt":{"rendered":"<p>&#8220;Regula o tratamento dos dados pessoais dos utilizadores do portal e dos utentes da cl\u00ednica.&#8221; A Pol\u00edtica de Privacidade regula o tratamento dos dados pessoais dos utilizadores do portal (www.clinicarg.pt) e dos utentes da cl\u00ednica pela Cl\u00ednica Dra. Rosa &#038; Guerreiro, Lda., e reflete as preocupa\u00e7\u00f5es da Cl\u00ednica Dra. Rosa &#038; Guerreiro em mat\u00e9ria de [&hellip;]<\/p>\n","protected":false},"author":3,"featured_media":0,"parent":0,"menu_order":0,"comment_status":"closed","ping_status":"closed","template":"","meta":{"footnotes":""},"_links":{"self":[{"href":"https:\/\/clinicarg.pt\/index.php?rest_route=\/wp\/v2\/pages\/845"}],"collection":[{"href":"https:\/\/clinicarg.pt\/index.php?rest_route=\/wp\/v2\/pages"}],"about":[{"href":"https:\/\/clinicarg.pt\/index.php?rest_route=\/wp\/v2\/types\/page"}],"author":[{"embeddable":true,"href":"https:\/\/clinicarg.pt\/index.php?rest_route=\/wp\/v2\/users\/3"}],"replies":[{"embeddable":true,"href":"https:\/\/clinicarg.pt\/index.php?rest_route=%2Fwp%2Fv2%2Fcomments&post=845"}],"version-history":[{"count":13,"href":"https:\/\/clinicarg.pt\/index.php?rest_route=\/wp\/v2\/pages\/845\/revisions"}],"predecessor-version":[{"id":932,"href":"https:\/\/clinicarg.pt\/index.php?rest_route=\/wp\/v2\/pages\/845\/revisions\/932"}],"wp:attachment":[{"href":"https:\/\/clinicarg.pt\/index.php?rest_route=%2Fwp%2Fv2%2Fmedia&parent=845"}],"curies":[{"name":"wp","href":"https:\/\/api.w.org\/{rel}","templated":true}]}}